s) = 1198*s + 188091. Determine h(-157).
5
Let t(i) = -34*i**3 + 70*i**2 - 3*i + 9. Give t(2).
11
Let d(k) = 2*k**2 - 28*k - 89. Give d(16).
-25
Let f(d) = d**2 - 2*d + 3. Give f(-6).
51
Let k(u) = 2*u**3 + 56*u**2 - 126*u - 175. Determine k(-30).
5
Let r(j) = j**2 + 1036*j - 9383. Calculate r(9).
22
Let f(q) = -3*q**2 + 6*q + 21. What is f(-4)?
-51
Let a(x) = x**3 + 23*x**2 + 77*x + 22. Determine a(-19).
3
Let y(i) = -10*i + 150. Determine y(-7).
220
Let a(p) = 3*p**2 - 122*p + 1253. Determine a(22).
21
Let q(j) = -7*j**3 + 180*j**2 - 124*j - 22. Determine q(25).
3
Let j(l) = -l**3 - l**2 + 54*l - 12. What is j(-8)?
4
Let g(z) = -z**3 - 11*z**2 + 7*z - 31. What is g(-12)?
29
Let l(q) = 121*q**3 - 2*q**2 - 2. Determine l(1).
117
Let a(g) = 5*g**2 + 86*g + 12. Give a(-5).
-293
Let p(z) = -251*z**3 - 3*z**2 + z + 3. Calculate p(-1).
250
Let o(r) = -1327*r - 79627. Determine o(-60).
-7
Let y(q) = 132*q**2 + 16*q + 15. What is y(-1)?
131
Let g(j) = j**2 - 3*j - 163. Give g(-13).
45
Let q(d) = -d**3 - 7*d**2 + 24*d + 179. What is q(-5)?
9
Let y(g) = 276*g - 16849. Give y(61).
-13
Let v(q) = 1934*q - 5818. What is v(3)?
-16
Let o(c) = -c**2 + 3*c + 203. Determine o(-13).
-5
Let u(y) = -7*y**2 - 17*y + 5. What is u(-8)?
-307
Let z(l) = -11*l**3 - 6*l**2 - 19*l - 4. What is z(-3)?
296
Let w(h) = -61*h - 1224. Give w(-13).
-431
Let g(m) = -131*m + 4922. What is g(38)?
-56
Let s(v) = -v**3 + 14*v**2 - 48*v - 23. Calculate s(8).
-23
Let a(q) = -q**3 - 10*q**2 - 9*q - 17. Calculate a(-11).
203
Let a(r) = -3*r**3 + 371*r**2 + 2062*r + 255. Determine a(129).
-3
Let j(m) = -2*m**2 - 32*m + 181. Calculate j(-20).
21
Let w(a) = -a**2 - 53*a - 259. Determine w(-5).
-19
Let d(b) = -b**3 + 85*b**2 + 12956*b + 7. What is d(164)?
7
Let o(j) = 26*j**2 - 27*j + 76. Determine o(6).
850
Let i(r) = -8*r**2 - 175*r + 1342. Give i(6).
4
Let h(k) = 7*k**2 - 236*k + 947. What is h(29)?
-10
Let r(f) = 4*f**3 + 5*f**2 + 11*f + 1. Calculate r(-4).
-219
Let j(a) = a**3 + 3*a**2 - 8*a - 12. Calculate j(-4).
4
Let b(i) = 3*i**3 + 141*i**2 + 1325*i - 25. Calculate b(-34).
9
Let a(s) = -2*s**3 - 7*s**2 - 26*s - 77. Calculate a(-5).
128
Let d(x) = x**3 - 14*x**2 - 75*x + 104. Calculate d(18).
50
Let p(y) = -y**3 - y**2 + 36*y - 43. What is p(0)?
-43
Let s(b) = b**2 - 41*b - 250. Calculate s(-8).
142
Let p(i) = -2*i**3 - 67*i**2 - 266*i + 44. Give p(-29).
189
Let m(h) = 162*h**3 - 8*h - 9. Calculate m(-1).
-163
Let t(n) = 3*n**2 + 214*n + 3700. Calculate t(-42).
4
Let h(s) = -2*s**2 - 39*s - 27. Calculate h(-19).
-8
Let z(d) = d**3 - 32*d**2 + 3*d - 95. Calculate z(32).
1
Let j(b) = -b**2 + 2*b - 9. Calculate j(12).
-129
Let x(v) = -v**2 - 46*v - 267. Give x(-39).
6
Let y(n) = -84*n - 26. Determine y(2).
-194
Let b(i) = 3*i**2 + 747*i + 10542. What is b(-15)?
12
Let t(h) = h**2 - 27*h + 341. What is t(21)?
215
Let l(n) = -n**2 - 8*n + 53. Give l(-13).
-12
Let o(s) = 32*s - 176. Determine o(4).
-48
Let h(r) = r**2 - 14*r + 54. Determine h(0).
54
Let t(j) = 163*j - 4884. Give t(30).
6
Let v(n) = 247*n + 943. Determine v(-4).
-45
Let k(u) = u**2 - 742*u + 3680. Determine k(5).
-5
Let q(c) = -c**3 + 36*c**2 - 332*c + 427. What is q(13)?
-2
Let y(v) = 477*v + 3277. Give y(-7).
-62
Let p(d) = 2*d**3 + 21*d**2 - 8*d - 22. Give p(-9).
293
Let x(v) = 1392*v + 9738. What is x(-7)?
-6
Let p(t) = -t**3 - 54*t**2 - 286*t + 16. Give p(-6).
4
Let v(r) = -3*r**2 - 15*r + 193. Calculate v(6).
-5
Let h(n) = -n**3 + 56*n**2 + 112*n + 239. What is h(58)?
7
Let d(q) = q**3 - 13*q**2 + 3*q - 173. Give d(14).
65
Let t(o) = 24*o - 208. Give t(7).
-40
Let a(p) = p**2 + 180*p + 4499. What is a(-30)?
-1
Let r(n) = 5*n**2 + 1091*n + 1311. Calculate r(-217).
9
Let r(o) = -o**3 + 23*o**2 + 33*o + 101. Determine r(25).
-324
Let j(r) = 8813*r - 26449. Give j(3).
-10
Let s(j) = 3*j**2 - 40*j + 130. Calculate s(5).
5
Let v(m) = m**3 + 44*m**2 + 79*m - 178. Determine v(-42).
32
Let w(d) = 127*d - 7004. Calculate w(55).
-19
Let l(t) = t**3 - 40*t**2 - 1283*t + 122. What is l(61)?
0
Let c(w) = 2*w**2 - 60*w - 5834. What is c(71)?
-12
Let r(z) = -154*z - 1692. Give r(-13).
310
Let q(w) = 76*w - 83. What is q(0)?
-83
Let o(f) = 1537*f + 24591. What is o(-16)?
-1
Let d(u) = 6*u**2 - 235*u - 197. Determine d(40).
3
Let b(h) = 3*h**2 + 3316*h - 9960. Calculate b(3).
15
Let s(t) = -t**3 - 36*t**2 - 69*t - 4. Give s(-2).
-2
Let r(b) = -2*b**2 - 112*b - 28. What is r(-55)?
82
Let j(r) = r**3 - 98*r**2 - 625*r + 96. Determine j(104).
-8
Let q(n) = 39*n - 3307. Give q(85).
8
Let j(q) = 2*q**2 + 9*q - 20. Give j(2).
6
Let l(w) = 2*w**2 + 62*w - 579. What is l(-39)?
45
Let v(i) = -14*i**2 - 23*i + 7. Determine v(-3).
-50
Let b(c) = c**2 - 475*c + 4651. What is b(10)?
1
Let m(d) = -96*d + 458. Calculate m(5).
-22
Let h(w) = -w**2 - 30*w - 161. Calculate h(-15).
64
Let f(c) = -c**3 + 4*c**2 + 14*c - 14. Calculate f(-3).
7
Let r(q) = -53*q + 15. Give r(5).
-250
Let q(z) = -3*z**2 - 38*z + 77. Determine q(-17).
-144
Let f(n) = 5*n**2 - 193*n + 90. Calculate f(38).
-24
Let i(g) = 138*g - 1360. What is i(10)?
20
Let m(u) = 7*u**3 + 32*u**2 - 14*u + 11. What is m(-5)?
6
Let q(x) = -x**3 + 108*x**2 - 94*x - 1489. Calculate q(107).
-98
Let q(d) = -48*d - 950. Determine q(-20).
10
Let o(v) = v**2 + 61*v + 498. Give o(-50).
-52
Let a(h) = 3*h - 719. Determine a(-4).
-731
Let b(x) = -76*x - 354. Give b(-5).
26
Let c(n) = -n**3 + 7*n**2 + 2*n + 89. Give c(10).
-191
Let i(v) = v**3 + 15*v**2 + 33*v + 26. Determine i(-11).
147
Let c(d) = 134*d - 941. Give c(10).
399
Let l(d) = d**2 + 31*d + 105. Determine l(-3).
21
Let j(x) = -x**3 + 7*x**2 + 8*x + 36. What is j(9)?
-54
Let y(o) = 6*o**3 - 5*o**2 + 3*o + 6. Calculate y(3).
132
Let z(m) = -6*m**2 - 92*m + 18. Give z(-15).
48
Let v(b) = -b**2 - 77*b - 1032. Determine v(-60).
-12
Let l(z) = -z**3 - 24*z**2 - 40*z + 123. Give l(-22).
35
Let w(j) = -4*j**2 + 18*j + 149. Determine w(-5).
-41
Let s(q) = -q**2 - 92*q + 1715. What is s(-108)?
-13
Let l(o) = -o**2 + 320. Give l(-18).
-4
Let u(c) = -c**3 + 17*c**2 - 33*c + 29. Calculate u(16).
-243
Let q(r) = 18*r + 535. Determine q(-10).
355
Let f(p) = -p**3 - 51*p**2 + 460*p - 706. Calculate f(-59).
2
Let s(g) = -g**3 + 15*g**2 - 36*g - 1. What is s(12)?
-1
Let r(y) = -y**2 + 69*y + 5945. Give r(-50).
-5
Let v(q) = -q**2 - 4748*q - 28471. Give v(-6).
-19
Let t(u) = -u**3 - 46*u**2 - 89*u + 32. What is t(-44)?
76
Let z(c) = c**3 - 10*c**2 + 30*c - 16. What is z(3)?
11
Let w(m) = -28*m + 42. What is w(5)?
-98
Let q(v) = -34*v - 241. Calculate q(-11).
133
Let j(p) = p**2 - 45*p + 386. Give j(16).
-78
Let f(y) = -y**3 + 3*y**2 + 23*y - 56. Give f(0).
-56
Let t(g) = 71*g + 1939. Give t(-28).
-49
Let i(p) = 92*p + 1371. Calculate i(-15).
-9
Let i(n) = 169*n + 1358. Determine i(-8).
6
Let p(u) = u**3 - 5*u**2 - 29*u + 100. Determine p(-5).
-5
Let x(s) = s**3 + 35*s**2 - 205*s - 8. Determine x(-40).
192
Let j(l) = -283*l + 46721. What is j(165)?
26
Let f(c) = 26*c**2 - 699*c + 22. What is f(27)?
103
Let f(i) = -123*i + 16840. Determine f(137).
-11
Let w(p) = 8308*p - 41534. Give w(5).
6
Let y(v) = 7*v**2 + 394*v + 2984. Calculate y(-9).
5
Let c(k) = -2*k**3 - 64*k**2 - 17*k - 557. Give c(-32).
-13
Let g(o) = -8*o**2 + 2514*o + 2513. What is g(-1)?
-9
Let k(l) = -32*l + 533. Calculate k(4).
405
Let m(l) = -75*l + 1136. What is m(15)?
11
Let f(v) = 3*v**3 - 36*v**2 - 86*v + 35. Determine f(14).
7
Let c(v) = -v**3 + 4*v**2 + 43*v + 24. Give c(9).
6
Let p(b) = 3*b**2 + 150*b + 282. Determine p(-48).
-6
Let h(c) = 32*c**3 + 2*c - 3. What is h(-2)?
-263
Let v(y) = 11*y**2 - 61*y + 22. Calculate v(5).
-8
Let c(b) = 214*b + 1179. What is c(-5)?
109
Let w(h) = -11*h**2 + 211*h + 1093. Calculate w(-5).
-237
Let g(n) = -n**3 - 25*n**2 - 151*n - 12. Determine g(-15).
3
Let m(b) = 5*b**3 - 3*b**2 + 5*b - 7. What is m(3)?
116
Let k(r) = 31*r - 250. What is k(10)?
60
Let i(r) = 24*r + 480. What is i(-14)?
144
Let x(n) = -30*n**2 - 2183*n + 523. Determine x(-73).
12
Let m(u) = -20*u + 287. Give m(12).
47
Let z(l) = 199*l + 803. What is z(-8)?
-789
Let y(r) = 45*r + 2377. Calculate y(-53).
-8
Let a(n) = 164*n - 5901. Calculate a(36).
3
Let u(q) = -16*q**3 + 39*q**2 + 18*q + 4. Give u(3).
-23
Let g(d) = -d**3 + 10*d**2 + d - 3. What is g(7)?
151
Let u(j) = 4*j**3 - 32*j**2 + 